{"id":1578,"date":"2023-05-10T10:11:30","date_gmt":"2023-05-10T08:11:30","guid":{"rendered":"http:\/\/nowa.opti-net.pl\/?page_id=1578"},"modified":"2023-09-04T13:20:27","modified_gmt":"2023-09-04T11:20:27","slug":"rodo-gdpr","status":"publish","type":"page","link":"https:\/\/opti-net.pl\/index.php\/rodo-gdpr\/","title":{"rendered":"RODO\/GDPR"},"content":{"rendered":"<style>.kb-row-layout-id_00a380-32 > .kt-row-column-wrap{align-content:start;}:where(.kb-row-layout-id_00a380-32 > .kt-row-column-wrap) > .wp-block-kadence-column{justify-content:start;}.kb-row-layout-id_00a380-32 > .kt-row-column-wrap{column-gap:var(--global-kb-gap-md, 2rem);row-gap:var(--global-kb-gap-md, 2rem);max-width:600px;margin-left:auto;margin-right:auto;padding-top:80px;padding-right:0px;padding-bottom:60px;padding-left:0px;grid-template-columns:minmax(0, 1fr);}.kb-row-layout-id_00a380-32 > .kt-row-layout-overlay{opacity:0.30;background-image:url('http:\/\/nowa.opti-net.pl\/wp-content\/uploads\/2023\/04\/outsourcing2.jpg');background-size:cover;background-position:52% 19%;background-attachment:scroll;background-repeat:no-repeat;mix-blend-mode:normal;}@media all and (max-width: 1024px){.kb-row-layout-id_00a380-32 > .kt-row-column-wrap{grid-template-columns:minmax(0, 1fr);}}@media all and (max-width: 767px){.kb-row-layout-id_00a380-32 > .kt-row-column-wrap{padding-top:60px;padding-right:0px;padding-bottom:60px;padding-left:0px;grid-template-columns:minmax(0, 1fr);}}<\/style><div class=\"kb-row-layout-wrap kb-row-layout-id_00a380-32 alignnone has-theme-palette3-background-color kt-row-has-bg wp-block-kadence-rowlayout\"><div class=\"kt-row-layout-overlay kt-row-overlay-normal\"><\/div><div class=\"kt-row-column-wrap kt-has-1-columns kt-row-layout-equal kt-tab-layout-inherit kt-mobile-layout-row kt-row-valign-top\">\n<style>.kadence-column_8f1647-45 > .kt-inside-inner-col{padding-right:0px;padding-left:0px;}.kadence-column_8f1647-45 > .kt-inside-inner-col,.kadence-column_8f1647-45 > .kt-inside-inner-col:before{border-top-left-radius:0px;border-top-right-radius:0px;border-bottom-right-radius:0px;border-bottom-left-radius:0px;}.kadence-column_8f1647-45 > .kt-inside-inner-col{column-gap:var(--global-kb-gap-sm, 1rem);}.kadence-column_8f1647-45 > .kt-inside-inner-col{flex-direction:column;}.kadence-column_8f1647-45 > .kt-inside-inner-col > .aligncenter{width:100%;}.kadence-column_8f1647-45 > .kt-inside-inner-col:before{opacity:0.3;}.kadence-column_8f1647-45{position:relative;}.kadence-column_8f1647-45, .kt-inside-inner-col > .kadence-column_8f1647-45:not(.specificity){margin-right:0px;margin-left:0px;}@media all and (max-width: 1024px){.kadence-column_8f1647-45 > .kt-inside-inner-col{flex-direction:column;justify-content:center;}}@media all and (max-width: 767px){.kadence-column_8f1647-45 > .kt-inside-inner-col{flex-direction:column;justify-content:center;}}<\/style>\n<div class=\"wp-block-kadence-column kadence-column_8f1647-45 inner-column-1\"><div class=\"kt-inside-inner-col\"><style>.wp-block-kadence-advancedheading.kt-adv-heading_541739-83, .wp-block-kadence-advancedheading.kt-adv-heading_541739-83[data-kb-block=\"kb-adv-heading_541739-83\"]{padding-bottom:10px;margin-top:0px;margin-bottom:0px;text-align:center;font-style:normal;text-transform:uppercase;}.wp-block-kadence-advancedheading.kt-adv-heading_541739-83 mark.kt-highlight, .wp-block-kadence-advancedheading.kt-adv-heading_541739-83[data-kb-block=\"kb-adv-heading_541739-83\"] mark.kt-highlight{font-style:normal;color:#f76a0c;-webkit-box-decoration-break:clone;box-decoration-break:clone;padding-top:0px;padding-right:0px;padding-bottom:0px;padding-left:0px;}.wp-block-kadence-advancedheading.kt-adv-heading_541739-83 img.kb-inline-image, .wp-block-kadence-advancedheading.kt-adv-heading_541739-83[data-kb-block=\"kb-adv-heading_541739-83\"] img.kb-inline-image{width:150px;vertical-align:baseline;}@media all and (max-width: 767px){.wp-block-kadence-advancedheading.kt-adv-heading_541739-83, .wp-block-kadence-advancedheading.kt-adv-heading_541739-83[data-kb-block=\"kb-adv-heading_541739-83\"]{padding-bottom:10px;margin-bottom:0px;font-size:34px;}}<\/style>\n<h1 class=\"kt-adv-heading_541739-83 wp-block-kadence-advancedheading has-theme-palette-9-color has-text-color\" data-kb-block=\"kb-adv-heading_541739-83\">RODO\/GDPR<\/h1>\n\n\n<style>.wp-block-kadence-advancedheading.kt-adv-heading_a21e8f-61, .wp-block-kadence-advancedheading.kt-adv-heading_a21e8f-61[data-kb-block=\"kb-adv-heading_a21e8f-61\"]{padding-top:0px;padding-right:40px;padding-left:40px;margin-right:0px;margin-left:0px;text-align:center;line-height:26px;font-style:normal;}.wp-block-kadence-advancedheading.kt-adv-heading_a21e8f-61 mark.kt-highlight, .wp-block-kadence-advancedheading.kt-adv-heading_a21e8f-61[data-kb-block=\"kb-adv-heading_a21e8f-61\"] mark.kt-highlight{font-style:normal;color:#f76a0c;-webkit-box-decoration-break:clone;box-decoration-break:clone;padding-top:0px;padding-right:0px;padding-bottom:0px;padding-left:0px;}.wp-block-kadence-advancedheading.kt-adv-heading_a21e8f-61 img.kb-inline-image, .wp-block-kadence-advancedheading.kt-adv-heading_a21e8f-61[data-kb-block=\"kb-adv-heading_a21e8f-61\"] img.kb-inline-image{width:150px;vertical-align:baseline;}<\/style>\n<p class=\"kt-adv-heading_a21e8f-61 wp-block-kadence-advancedheading has-theme-palette-9-color has-text-color\" data-kb-block=\"kb-adv-heading_a21e8f-61\">proponujemy wsp\u00f3\u0142prac\u0119 w zakresie<\/p>\n<\/div><\/div>\n\n<\/div><\/div>\n\n<style>.kb-row-layout-id_977a1c-fd > .kt-row-column-wrap{align-content:center;}:where(.kb-row-layout-id_977a1c-fd > .kt-row-column-wrap) > .wp-block-kadence-column{justify-content:center;}.kb-row-layout-id_977a1c-fd > .kt-row-column-wrap{column-gap:var(--global-kb-gap-md, 2rem);row-gap:var(--global-kb-gap-md, 2rem);max-width:var( --global-content-width, 1290px );padding-left:var(--global-content-edge-padding);padding-right:var(--global-content-edge-padding);padding-top:80px;padding-right:20px;padding-bottom:80px;padding-left:20px;grid-template-columns:minmax(0, 1fr);}.kb-row-layout-id_977a1c-fd{background-image:url('http:\/\/nowa.opti-net.pl\/wp-content\/uploads\/2023\/04\/outsourcing2.jpg');background-size:cover;background-position:79% 79%;background-attachment:scroll;background-repeat:no-repeat;}.kb-row-layout-id_977a1c-fd > .kt-row-layout-overlay{opacity:0.95;background:linear-gradient(180deg, var(--global-palette7) 0%, var(--global-palette8) 100%);}@media all and (max-width: 1024px){.kb-row-layout-id_977a1c-fd > .kt-row-column-wrap{padding-top:80px;padding-right:150px;padding-bottom:80px;padding-left:150px;grid-template-columns:minmax(0, 1fr);}}@media all and (max-width: 767px){.kb-row-layout-id_977a1c-fd > .kt-row-column-wrap{padding-top:60px;padding-right:30px;padding-bottom:60px;padding-left:30px;grid-template-columns:minmax(0, 1fr);}}<\/style><div class=\"kb-row-layout-wrap kb-row-layout-id_977a1c-fd alignnone kt-row-has-bg wp-block-kadence-rowlayout\"><div class=\"kt-row-layout-overlay kt-row-overlay-gradient\"><\/div><div class=\"kt-row-column-wrap kt-has-1-columns kt-row-layout-equal kt-tab-layout-inherit kt-mobile-layout-row kt-row-valign-middle kb-theme-content-width\">\n<style>.kadence-column_b33871-2b > .kt-inside-inner-col,.kadence-column_b33871-2b > .kt-inside-inner-col:before{border-top-left-radius:0px;border-top-right-radius:0px;border-bottom-right-radius:0px;border-bottom-left-radius:0px;}.kadence-column_b33871-2b > .kt-inside-inner-col{column-gap:var(--global-kb-gap-sm, 1rem);}.kadence-column_b33871-2b > .kt-inside-inner-col{flex-direction:column;}.kadence-column_b33871-2b > .kt-inside-inner-col > .aligncenter{width:100%;}.kadence-column_b33871-2b > .kt-inside-inner-col:before{opacity:0.3;}.kadence-column_b33871-2b{position:relative;}@media all and (max-width: 1024px){.kadence-column_b33871-2b > .kt-inside-inner-col{flex-direction:column;justify-content:center;}}@media all and (max-width: 767px){.kadence-column_b33871-2b > .kt-inside-inner-col{flex-direction:column;justify-content:center;}}<\/style>\n<div class=\"wp-block-kadence-column kadence-column_b33871-2b\"><div class=\"kt-inside-inner-col\"><style>.kt-post-loop_69125c-59 .kadence-post-image{padding-top:0px;padding-right:30px;padding-bottom:10px;padding-left:0px;}.kt-post-loop_69125c-59 .kt-feat-image-align-left{grid-template-columns:40% auto;}.kt-post-loop_69125c-59 .kt-post-grid-wrap{gap:30px 30px;}.kt-post-loop_69125c-59 .kt-blocks-post-grid-item{border-top-left-radius:0px;border-top-right-radius:0px;border-bottom-right-radius:0px;border-bottom-left-radius:0px;overflow:hidden;box-shadow:0px 0px 14px 0px rgba(0, 0, 0, 0.2);}.kt-post-loop_69125c-59 .kt-blocks-post-grid-item .kt-blocks-post-grid-item-inner{padding-top:0px;padding-right:0px;padding-bottom:0px;padding-left:0px;}.kt-post-loop_69125c-59 .kt-blocks-post-grid-item header{padding-top:0px;padding-right:0px;padding-bottom:10px;padding-left:0px;margin-top:0px;margin-right:0px;margin-bottom:0px;margin-left:0px;}.kt-post-loop_69125c-59 .kt-blocks-post-grid-item .kt-blocks-above-categories{font-size:13px;line-height:20px;text-transform:uppercase;}.kt-post-loop_69125c-59 .kt-blocks-post-grid-item .entry-title{color:var(--global-palette1, #3182CE);padding-top:5px;padding-right:0px;padding-bottom:0px;padding-left:0px;margin-top:0px;margin-right:0px;margin-bottom:0px;margin-left:0px;font-size:24px;line-height:30px;}.kt-post-loop_69125c-59 .entry-content{padding-top:0px;padding-right:0px;padding-bottom:0px;padding-left:0px;margin-top:0px;margin-right:0px;margin-bottom:0px;margin-left:0px;font-size:14px;line-height:24px;}.kt-post-loop_69125c-59 .kt-blocks-post-footer{border-top-width:0px;border-right-width:0px;border-bottom-width:0px;border-left-width:0px;padding-top:0px;padding-right:0px;padding-bottom:0px;padding-left:0px;margin-top:0px;margin-right:0px;margin-bottom:0px;margin-left:0px;font-size:12px;line-height:20px;text-transform:uppercase;}.kt-post-loop_69125c-59 .entry-content:after{height:0px;}.kt-post-loop_69125c-59 .entry-content .kt-blocks-post-readmore{background-color:var(--global-palette1, #3182CE);border-color:#444444;color:#ffffff;padding-top:4px;padding-right:8px;padding-bottom:4px;padding-left:8px;margin-top:0px;margin-right:0px;margin-bottom:0px;margin-left:0px;}.kt-post-loop_69125c-59 .entry-content .kt-blocks-post-readmore:hover{color:#ffffff;border-color:#555555;background-color:#555555;}.kt-post-loop_69125c-59 .kb-filter-item{border-top-width:0px;border-right-width:0px;border-bottom-width:2px;border-left-width:0px;padding-top:5px;padding-right:8px;padding-bottom:5px;padding-left:8px;margin-top:0px;margin-right:10px;margin-bottom:0px;margin-left:0px;}<\/style><div class=\"wp-block-kadence-postgrid kt-blocks-post-loop-block alignnone kt-post-loop_69125c-59 kt-post-grid-layout-grid \"><div class=\"kt-post-grid-layout-grid-wrap kt-post-grid-wrap\" data-columns-xxl=\"2\" data-columns-xl=\"2\" data-columns-md=\"2\" data-columns-sm=\"2\" data-columns-xs=\"1\" data-columns-ss=\"1\"data-item-selector=\".kt-post-masonry-item\" aria-label=\"Post Carousel\"><article class=\"kt-blocks-post-grid-item post-1292 post type-post status-publish format-standard has-post-thumbnail hentry category-rodo-gdpr\"><div class=\"kt-blocks-post-grid-item-inner-wrap kt-feat-image-align-left kt-feat-image-mobile-align-top\"><div class=\"kadence-post-image\"><div class=\"kadence-post-image-intrisic kt-image-ratio-133-33\" style=\"padding-bottom:133.33%;\"><div class=\"kadence-post-image-inner-intrisic\"><a aria-hidden=\"true\" tabindex=\"-1\" role=\"presentation\" href=\"https:\/\/opti-net.pl\/index.php\/2023\/05\/06\/przejecie-obowiazkow-iod\/\" aria-label=\"Przej\u0119cie obowi\u0105zk\u00f3w IOD\" class=\"kadence-post-image-inner-wrap\"><img loading=\"lazy\" decoding=\"async\" width=\"770\" height=\"293\" src=\"https:\/\/opti-net.pl\/wp-content\/uploads\/2023\/05\/rodoiod-1.jpg\" class=\"attachment-large size-large wp-post-image\" alt=\"\" srcset=\"https:\/\/opti-net.pl\/wp-content\/uploads\/2023\/05\/rodoiod-1.jpg 770w, https:\/\/opti-net.pl\/wp-content\/uploads\/2023\/05\/rodoiod-1-300x114.jpg 300w, https:\/\/opti-net.pl\/wp-content\/uploads\/2023\/05\/rodoiod-1-768x292.jpg 768w\" sizes=\"auto, (max-width: 770px) 100vw, 770px\" title=\"\"><\/a><\/div><\/div><\/div><div class=\"kt-blocks-post-grid-item-inner\"><header><h2 class=\"entry-title\"><a href=\"https:\/\/opti-net.pl\/index.php\/2023\/05\/06\/przejecie-obowiazkow-iod\/\">Przej\u0119cie obowi\u0105zk\u00f3w IOD<\/a><\/h2><div class=\"kt-blocks-post-top-meta\"><div class=\"kt-blocks-date\"><time datetime=\"2023-05-06T18:40:13+02:00\" class=\"kt-blocks-post-date\">2023-05-06<\/time><\/div><\/div><\/header><div class=\"entry-content\">OPTI-NET SYSTEM mo\u017ce przej\u0105\u0107&nbsp; wszystkie obowi\u0105zki zwi\u0105zane z ochron\u0105 danych osobowych, m.in. szkolenie pracownik\u00f3w, nadawanie i ewidencja upowa\u017cnie\u0144, opracowanie i aktualizacja dokumentacji. Dzi\u0119ki temu, oferujemy opiek\u0119 najwy\u017cszej jako\u015bci, zaoszcz\u0119dzaj\u0105c przedsi\u0119biorstwom&#8230;<div class=\"kt-blocks-post-readmore-wrap\"><a class=\"kt-blocks-post-readmore\" href=\"https:\/\/opti-net.pl\/index.php\/2023\/05\/06\/przejecie-obowiazkow-iod\/\">Wi\u0119cej<span class=\"screen-reader-text\"> Przej\u0119cie obowi\u0105zk\u00f3w IOD<\/span><\/a><\/div><\/div><footer class=\"kt-blocks-post-footer\"><div class=\"kt-blocks-post-footer-left\"><\/div><div class=\"kt-blocks-post-footer-right\"><\/div><\/footer><\/div><\/div><\/article><article class=\"kt-blocks-post-grid-item post-1289 post type-post status-publish format-standard has-post-thumbnail hentry category-rodo-gdpr\"><div class=\"kt-blocks-post-grid-item-inner-wrap kt-feat-image-align-left kt-feat-image-mobile-align-top\"><div class=\"kadence-post-image\"><div class=\"kadence-post-image-intrisic kt-image-ratio-133-33\" style=\"padding-bottom:133.33%;\"><div class=\"kadence-post-image-inner-intrisic\"><a aria-hidden=\"true\" tabindex=\"-1\" role=\"presentation\" href=\"https:\/\/opti-net.pl\/index.php\/2023\/05\/06\/kryptograficzne-zabezpieczanie-nosnikow\/\" aria-label=\"Kryptograficzne zabezpieczanie no\u015bnik\u00f3w\" class=\"kadence-post-image-inner-wrap\"><img loading=\"lazy\" decoding=\"async\" width=\"770\" height=\"293\" src=\"https:\/\/opti-net.pl\/wp-content\/uploads\/2023\/05\/rodokryp.jpg\" class=\"attachment-large size-large wp-post-image\" alt=\"\" srcset=\"https:\/\/opti-net.pl\/wp-content\/uploads\/2023\/05\/rodokryp.jpg 770w, https:\/\/opti-net.pl\/wp-content\/uploads\/2023\/05\/rodokryp-300x114.jpg 300w, https:\/\/opti-net.pl\/wp-content\/uploads\/2023\/05\/rodokryp-768x292.jpg 768w\" sizes=\"auto, (max-width: 770px) 100vw, 770px\" title=\"\"><\/a><\/div><\/div><\/div><div class=\"kt-blocks-post-grid-item-inner\"><header><h2 class=\"entry-title\"><a href=\"https:\/\/opti-net.pl\/index.php\/2023\/05\/06\/kryptograficzne-zabezpieczanie-nosnikow\/\">Kryptograficzne zabezpieczanie no\u015bnik\u00f3w<\/a><\/h2><div class=\"kt-blocks-post-top-meta\"><div class=\"kt-blocks-date\"><time datetime=\"2023-05-06T18:34:24+02:00\" class=\"kt-blocks-post-date\">2023-05-06<\/time><\/div><\/div><\/header><div class=\"entry-content\">Ze wzgl\u0119du na coraz cz\u0119stsze zapytania zwi\u0105zane z us\u0142ugami kryptograficznymi wywodz\u0105cymi si\u0119 bezpo\u015brednio z zalece\u0144 polityki bezpiecze\u0144stwa informatycznego, nasza firma wprowadzi\u0142a now\u0105 us\u0142ug\u0119 w kt\u00f3rej sk\u0142ad wchodz\u0105: Us\u0142uga kt\u00f3r\u0105 \u015bwiadczymy&#8230;<div class=\"kt-blocks-post-readmore-wrap\"><a class=\"kt-blocks-post-readmore\" href=\"https:\/\/opti-net.pl\/index.php\/2023\/05\/06\/kryptograficzne-zabezpieczanie-nosnikow\/\">Wi\u0119cej<span class=\"screen-reader-text\"> Kryptograficzne zabezpieczanie no\u015bnik\u00f3w<\/span><\/a><\/div><\/div><footer class=\"kt-blocks-post-footer\"><div class=\"kt-blocks-post-footer-left\"><\/div><div class=\"kt-blocks-post-footer-right\"><\/div><\/footer><\/div><\/div><\/article><article class=\"kt-blocks-post-grid-item post-1286 post type-post status-publish format-standard has-post-thumbnail hentry category-rodo-gdpr\"><div class=\"kt-blocks-post-grid-item-inner-wrap kt-feat-image-align-left kt-feat-image-mobile-align-top\"><div class=\"kadence-post-image\"><div class=\"kadence-post-image-intrisic kt-image-ratio-133-33\" style=\"padding-bottom:133.33%;\"><div class=\"kadence-post-image-inner-intrisic\"><a aria-hidden=\"true\" tabindex=\"-1\" role=\"presentation\" href=\"https:\/\/opti-net.pl\/index.php\/2023\/05\/06\/audyt-systemow-informatycznych\/\" aria-label=\"Audyt system\u00f3w informatycznych\" class=\"kadence-post-image-inner-wrap\"><img loading=\"lazy\" decoding=\"async\" width=\"770\" height=\"293\" src=\"https:\/\/opti-net.pl\/wp-content\/uploads\/2023\/05\/rodoaudyt.jpg\" class=\"attachment-large size-large wp-post-image\" alt=\"\" srcset=\"https:\/\/opti-net.pl\/wp-content\/uploads\/2023\/05\/rodoaudyt.jpg 770w, https:\/\/opti-net.pl\/wp-content\/uploads\/2023\/05\/rodoaudyt-300x114.jpg 300w, https:\/\/opti-net.pl\/wp-content\/uploads\/2023\/05\/rodoaudyt-768x292.jpg 768w\" sizes=\"auto, (max-width: 770px) 100vw, 770px\" title=\"\"><\/a><\/div><\/div><\/div><div class=\"kt-blocks-post-grid-item-inner\"><header><h2 class=\"entry-title\"><a href=\"https:\/\/opti-net.pl\/index.php\/2023\/05\/06\/audyt-systemow-informatycznych\/\">Audyt system\u00f3w informatycznych<\/a><\/h2><div class=\"kt-blocks-post-top-meta\"><div class=\"kt-blocks-date\"><time datetime=\"2023-05-06T18:32:00+02:00\" class=\"kt-blocks-post-date\">2023-05-06<\/time><\/div><\/div><\/header><div class=\"entry-content\">OPTI-NET SYSTEM mo\u017ce wykona\u0107 audyt informatyczny kt\u00f3rego celem jest dostarczanie kierownictwu organizacji niezale\u017cnych i obiektywnych ocen dotycz\u0105cych wdra\u017canych i eksploatowanych system\u00f3w informatycznych. Audyt r\u00f3wnie\u017c powoduje zaprowadzenie porz\u0105dku w oprogramowaniu, tak&#8230;<div class=\"kt-blocks-post-readmore-wrap\"><a class=\"kt-blocks-post-readmore\" href=\"https:\/\/opti-net.pl\/index.php\/2023\/05\/06\/audyt-systemow-informatycznych\/\">Wi\u0119cej<span class=\"screen-reader-text\"> Audyt system\u00f3w informatycznych<\/span><\/a><\/div><\/div><footer class=\"kt-blocks-post-footer\"><div class=\"kt-blocks-post-footer-left\"><\/div><div class=\"kt-blocks-post-footer-right\"><\/div><\/footer><\/div><\/div><\/article><article class=\"kt-blocks-post-grid-item post-1282 post type-post status-publish format-standard has-post-thumbnail hentry category-rodo-gdpr\"><div class=\"kt-blocks-post-grid-item-inner-wrap kt-feat-image-align-left kt-feat-image-mobile-align-top\"><div class=\"kadence-post-image\"><div class=\"kadence-post-image-intrisic kt-image-ratio-133-33\" style=\"padding-bottom:133.33%;\"><div class=\"kadence-post-image-inner-intrisic\"><a aria-hidden=\"true\" tabindex=\"-1\" role=\"presentation\" href=\"https:\/\/opti-net.pl\/index.php\/2023\/05\/06\/przygotowanie-dokumentacji-wymaganej-przez-ustawe-i-rozporzadzenie\/\" aria-label=\"Przygotowanie dokumentacji wymaganej przez Ustaw\u0119 i Rozporz\u0105dzenie\" class=\"kadence-post-image-inner-wrap\"><img loading=\"lazy\" decoding=\"async\" width=\"770\" height=\"293\" src=\"https:\/\/opti-net.pl\/wp-content\/uploads\/2023\/05\/rododok.jpg\" class=\"attachment-large size-large wp-post-image\" alt=\"\" srcset=\"https:\/\/opti-net.pl\/wp-content\/uploads\/2023\/05\/rododok.jpg 770w, https:\/\/opti-net.pl\/wp-content\/uploads\/2023\/05\/rododok-300x114.jpg 300w, https:\/\/opti-net.pl\/wp-content\/uploads\/2023\/05\/rododok-768x292.jpg 768w\" sizes=\"auto, (max-width: 770px) 100vw, 770px\" title=\"\"><\/a><\/div><\/div><\/div><div class=\"kt-blocks-post-grid-item-inner\"><header><h2 class=\"entry-title\"><a href=\"https:\/\/opti-net.pl\/index.php\/2023\/05\/06\/przygotowanie-dokumentacji-wymaganej-przez-ustawe-i-rozporzadzenie\/\">Przygotowanie dokumentacji wymaganej przez Ustaw\u0119 i Rozporz\u0105dzenie<\/a><\/h2><div class=\"kt-blocks-post-top-meta\"><div class=\"kt-blocks-date\"><time datetime=\"2023-05-06T18:29:02+02:00\" class=\"kt-blocks-post-date\">2023-05-06<\/time><\/div><\/div><\/header><div class=\"entry-content\">Nasza firma&nbsp; zajmuje si\u0119 przygotowywaniem i wdra\u017caniem&nbsp; dokumentacji wymaganej przez Ustaw\u0119 o Ochronie Danych Osobowych oraz Rozporz\u0105dzenie Ministra Spraw Wewn\u0119trznych i Administracji w kt\u00f3rej sk\u0142ad wchodz\u0105: Polityka Bezpiecze\u0144stwa zawieraj\u0105cej w&#8230;<div class=\"kt-blocks-post-readmore-wrap\"><a class=\"kt-blocks-post-readmore\" href=\"https:\/\/opti-net.pl\/index.php\/2023\/05\/06\/przygotowanie-dokumentacji-wymaganej-przez-ustawe-i-rozporzadzenie\/\">Wi\u0119cej<span class=\"screen-reader-text\"> Przygotowanie dokumentacji wymaganej przez Ustaw\u0119 i Rozporz\u0105dzenie<\/span><\/a><\/div><\/div><footer class=\"kt-blocks-post-footer\"><div class=\"kt-blocks-post-footer-left\"><\/div><div class=\"kt-blocks-post-footer-right\"><\/div><\/footer><\/div><\/div><\/article><\/div><\/div><!-- .wp-block-kadence-postgrid --><\/div><\/div>\n\n<\/div><\/div>\n\n<style>.kb-row-layout-id_8864d3-58 > .kt-row-column-wrap{align-content:start;}:where(.kb-row-layout-id_8864d3-58 > .kt-row-column-wrap) > .wp-block-kadence-column{justify-content:start;}.kb-row-layout-id_8864d3-58 > .kt-row-column-wrap{column-gap:var(--global-kb-gap-md, 2rem);row-gap:var(--global-kb-gap-md, 2rem);max-width:var( --global-content-width, 1290px );padding-left:var(--global-content-edge-padding);padding-right:var(--global-content-edge-padding);padding-top:80px;padding-right:20px;padding-bottom:80px;padding-left:20px;grid-template-columns:repeat(2, minmax(0, 1fr));}.kb-row-layout-id_8864d3-58 > .kt-row-layout-overlay{opacity:0.30;}@media all and (max-width: 1024px){.kb-row-layout-id_8864d3-58 > .kt-row-column-wrap{padding-top:0px;padding-right:0px;padding-bottom:0px;padding-left:0px;grid-template-columns:minmax(0, 1fr);}}@media all and (max-width: 767px){.kb-row-layout-id_8864d3-58 > .kt-row-column-wrap{padding-top:0px;padding-right:0px;padding-bottom:0px;padding-left:0px;grid-template-columns:minmax(0, 1fr);}}<\/style><div class=\"kb-row-layout-wrap kb-row-layout-id_8864d3-58 alignnone wp-block-kadence-rowlayout\"><div class=\"kt-row-column-wrap kt-has-2-columns kt-row-layout-equal kt-tab-layout-row kt-mobile-layout-row kt-row-valign-top kb-theme-content-width\">\n<style>.kadence-column_f79382-5f > .kt-inside-inner-col,.kadence-column_f79382-5f > .kt-inside-inner-col:before{border-top-left-radius:0px;border-top-right-radius:0px;border-bottom-right-radius:0px;border-bottom-left-radius:0px;}.kadence-column_f79382-5f > .kt-inside-inner-col{column-gap:var(--global-kb-gap-sm, 1rem);}.kadence-column_f79382-5f > .kt-inside-inner-col{flex-direction:column;}.kadence-column_f79382-5f > .kt-inside-inner-col > .aligncenter{width:100%;}.kadence-column_f79382-5f > .kt-inside-inner-col:before{opacity:0.3;}.kadence-column_f79382-5f{position:relative;}@media all and (max-width: 1024px){.kadence-column_f79382-5f > .kt-inside-inner-col{flex-direction:column;justify-content:center;}}@media all and (max-width: 767px){.kadence-column_f79382-5f > .kt-inside-inner-col{flex-direction:column;justify-content:center;}}<\/style>\n<div class=\"wp-block-kadence-column kadence-column_f79382-5f\"><div class=\"kt-inside-inner-col\"><\/div><\/div>\n\n\n<style>.kadence-column_ee14c5-04 > .kt-inside-inner-col,.kadence-column_ee14c5-04 > .kt-inside-inner-col:before{border-top-left-radius:0px;border-top-right-radius:0px;border-bottom-right-radius:0px;border-bottom-left-radius:0px;}.kadence-column_ee14c5-04 > .kt-inside-inner-col{column-gap:var(--global-kb-gap-sm, 1rem);}.kadence-column_ee14c5-04 > .kt-inside-inner-col{flex-direction:column;}.kadence-column_ee14c5-04 > .kt-inside-inner-col > .aligncenter{width:100%;}.kadence-column_ee14c5-04 > .kt-inside-inner-col:before{opacity:0.3;}.kadence-column_ee14c5-04{position:relative;}@media all and (max-width: 1024px){.kadence-column_ee14c5-04 > .kt-inside-inner-col{flex-direction:column;justify-content:center;}}@media all and (max-width: 767px){.kadence-column_ee14c5-04 > .kt-inside-inner-col{flex-direction:column;justify-content:center;}}<\/style>\n<div class=\"wp-block-kadence-column kadence-column_ee14c5-04\"><div class=\"kt-inside-inner-col\"><\/div><\/div>\n\n<\/div><\/div>","protected":false},"excerpt":{"rendered":"<p>RODO\/GDPR proponujemy wsp\u00f3\u0142prac\u0119 w zakresie<\/p>\n","protected":false},"author":1,"featured_media":0,"parent":0,"menu_order":0,"comment_status":"closed","ping_status":"closed","template":"","meta":{"_kad_blocks_custom_css":"","_kad_blocks_head_custom_js":"","_kad_blocks_body_custom_js":"","_kad_blocks_footer_custom_js":"","_kadence_starter_templates_imported_post":true,"_kad_post_transparent":"","_kad_post_title":"hide","_kad_post_layout":"fullwidth","_kad_post_sidebar_id":"","_kad_post_content_style":"unboxed","_kad_post_vertical_padding":"hide","_kad_post_feature":"hide","_kad_post_feature_position":"","_kad_post_header":false,"_kad_post_footer":false,"_kad_post_classname":"","footnotes":""},"class_list":["post-1578","page","type-page","status-publish","hentry"],"taxonomy_info":[],"featured_image_src_large":false,"author_info":{"display_name":"serwis","author_link":"https:\/\/opti-net.pl\/author\/mkf\/"},"comment_info":0,"_links":{"self":[{"href":"https:\/\/opti-net.pl\/index.php\/wp-json\/wp\/v2\/pages\/1578","targetHints":{"allow":["GET"]}}],"collection":[{"href":"https:\/\/opti-net.pl\/index.php\/wp-json\/wp\/v2\/pages"}],"about":[{"href":"https:\/\/opti-net.pl\/index.php\/wp-json\/wp\/v2\/types\/page"}],"author":[{"embeddable":true,"href":"https:\/\/opti-net.pl\/index.php\/wp-json\/wp\/v2\/users\/1"}],"replies":[{"embeddable":true,"href":"https:\/\/opti-net.pl\/index.php\/wp-json\/wp\/v2\/comments?post=1578"}],"version-history":[{"count":4,"href":"https:\/\/opti-net.pl\/index.php\/wp-json\/wp\/v2\/pages\/1578\/revisions"}],"predecessor-version":[{"id":1583,"href":"https:\/\/opti-net.pl\/index.php\/wp-json\/wp\/v2\/pages\/1578\/revisions\/1583"}],"wp:attachment":[{"href":"https:\/\/opti-net.pl\/index.php\/wp-json\/wp\/v2\/media?parent=1578"}],"curies":[{"name":"wp","href":"https:\/\/api.w.org\/{rel}","templated":true}]}}